{"id":463,"date":"2024-06-17T22:53:16","date_gmt":"2024-06-17T22:53:16","guid":{"rendered":"https:\/\/cosmedica.medisupplymx.com\/?post_type=product&#038;p=463"},"modified":"2024-06-17T23:39:59","modified_gmt":"2024-06-17T23:39:59","slug":"tonico-facial-con-vitamina-c","status":"publish","type":"product","link":"https:\/\/cosmedica.medisupplymx.com\/?product=tonico-facial-con-vitamina-c","title":{"rendered":"T\u00f3nico Facial con Vitamina C"},"content":{"rendered":"<p><strong>DETALLES<\/strong><\/p>\n<p>T\u00f3nico ligeramente astringente, rico en Vitamina C que ayuda a iluminar tu piel.\u00a0 Enriquecido con antioxidantes que ayudan a proteger tu piel de los da\u00f1os causados por los radicales libres. Ayuda a eliminar el exceso de grasa, minimiza el tama\u00f1o de los poros y restaura los niveles naturales de pH, esto ayuda a preparar la piel para recibir la hidrataci\u00f3n.<\/p>\n<p>Tama\u00f1o: 4 oz<\/p>\n","protected":false},"excerpt":{"rendered":"<p><strong>DETALLES<\/strong><\/p>\n<p>T\u00f3nico ligeramente astringente, rico en Vitamina C que ayuda a iluminar tu piel.\u00a0 Enriquecido con antioxidantes que ayudan a proteger tu piel de los da\u00f1os causados por los radicales libres. Ayuda a eliminar el exceso de grasa, minimiza el tama\u00f1o de los poros y restaura los niveles naturales de pH, esto ayuda a preparar la piel para recibir la hidrataci\u00f3n.<\/p>\n<p>Tama\u00f1o: 4 oz<\/p>\n","protected":false},"featured_media":464,"comment_status":"open","ping_status":"closed","template":"","meta":[],"product_cat":[15],"product_tag":[],"class_list":{"0":"post-463","1":"product","2":"type-product","3":"status-publish","4":"has-post-thumbnail","6":"product_cat-uncategorized","8":"first","9":"instock","10":"featured","11":"shipping-taxable","12":"purchasable","13":"product-type-simple"},"_links":{"self":[{"href":"https:\/\/cosmedica.medisupplymx.com\/index.php?rest_route=\/wp\/v2\/product\/463","targetHints":{"allow":["GET"]}}],"collection":[{"href":"https:\/\/cosmedica.medisupplymx.com\/index.php?rest_route=\/wp\/v2\/product"}],"about":[{"href":"https:\/\/cosmedica.medisupplymx.com\/index.php?rest_route=\/wp\/v2\/types\/product"}],"replies":[{"embeddable":true,"href":"https:\/\/cosmedica.medisupplymx.com\/index.php?rest_route=%2Fwp%2Fv2%2Fcomments&post=463"}],"wp:featuredmedia":[{"embeddable":true,"href":"https:\/\/cosmedica.medisupplymx.com\/index.php?rest_route=\/wp\/v2\/media\/464"}],"wp:attachment":[{"href":"https:\/\/cosmedica.medisupplymx.com\/index.php?rest_route=%2Fwp%2Fv2%2Fmedia&parent=463"}],"wp:term":[{"taxonomy":"product_cat","embeddable":true,"href":"https:\/\/cosmedica.medisupplymx.com\/index.php?rest_route=%2Fwp%2Fv2%2Fproduct_cat&post=463"},{"taxonomy":"product_tag","embeddable":true,"href":"https:\/\/cosmedica.medisupplymx.com\/index.php?rest_route=%2Fwp%2Fv2%2Fproduct_tag&post=463"}],"curies":[{"name":"wp","href":"https:\/\/api.w.org\/{rel}","templated":true}]}}