{"id":439,"date":"2024-06-17T22:44:21","date_gmt":"2024-06-17T22:44:21","guid":{"rendered":"https:\/\/cosmedica.medisupplymx.com\/?post_type=product&#038;p=439"},"modified":"2024-06-17T23:40:06","modified_gmt":"2024-06-17T23:40:06","slug":"crema-restauradora-de-ojos","status":"publish","type":"product","link":"https:\/\/cosmedica.medisupplymx.com\/?product=crema-restauradora-de-ojos","title":{"rendered":"Crema Restauradora de Ojos"},"content":{"rendered":"<p><strong>DETALLES<\/strong><\/p>\n<p>La combinaci\u00f3n de T\u00e9 Verde, Coenzima Q10, Aloe Vera y Aceite de Pepita de uva ayuda a drenar las bolsas, desvanecer ojeras, atenuar la flacidez y minimizar las peque\u00f1as l\u00edneas de expresi\u00f3n del contorno de ojos. Brinda una sensaci\u00f3n ligera y sedosa, sin tapar los poros. Alivia y restaura los ojos deshidratados.<\/p>\n<p>Tama\u00f1o: 0,7 oz<\/p>\n","protected":false},"excerpt":{"rendered":"<p><strong>DETALLES<\/strong><\/p>\n<p>La combinaci\u00f3n de T\u00e9 Verde, Coenzima Q10, Aloe Vera y Aceite de Pepita de uva ayuda a drenar las bolsas, desvanecer ojeras, atenuar la flacidez y minimizar las peque\u00f1as l\u00edneas de expresi\u00f3n del contorno de ojos. Brinda una sensaci\u00f3n ligera y sedosa, sin tapar los poros. Alivia y restaura los ojos deshidratados.<\/p>\n<p>Tama\u00f1o: 0,7 oz<\/p>\n","protected":false},"featured_media":440,"comment_status":"open","ping_status":"closed","template":"","meta":[],"product_cat":[15],"product_tag":[],"class_list":{"0":"post-439","1":"product","2":"type-product","3":"status-publish","4":"has-post-thumbnail","6":"product_cat-uncategorized","8":"first","9":"instock","10":"featured","11":"shipping-taxable","12":"purchasable","13":"product-type-simple"},"_links":{"self":[{"href":"https:\/\/cosmedica.medisupplymx.com\/index.php?rest_route=\/wp\/v2\/product\/439","targetHints":{"allow":["GET"]}}],"collection":[{"href":"https:\/\/cosmedica.medisupplymx.com\/index.php?rest_route=\/wp\/v2\/product"}],"about":[{"href":"https:\/\/cosmedica.medisupplymx.com\/index.php?rest_route=\/wp\/v2\/types\/product"}],"replies":[{"embeddable":true,"href":"https:\/\/cosmedica.medisupplymx.com\/index.php?rest_route=%2Fwp%2Fv2%2Fcomments&post=439"}],"wp:featuredmedia":[{"embeddable":true,"href":"https:\/\/cosmedica.medisupplymx.com\/index.php?rest_route=\/wp\/v2\/media\/440"}],"wp:attachment":[{"href":"https:\/\/cosmedica.medisupplymx.com\/index.php?rest_route=%2Fwp%2Fv2%2Fmedia&parent=439"}],"wp:term":[{"taxonomy":"product_cat","embeddable":true,"href":"https:\/\/cosmedica.medisupplymx.com\/index.php?rest_route=%2Fwp%2Fv2%2Fproduct_cat&post=439"},{"taxonomy":"product_tag","embeddable":true,"href":"https:\/\/cosmedica.medisupplymx.com\/index.php?rest_route=%2Fwp%2Fv2%2Fproduct_tag&post=439"}],"curies":[{"name":"wp","href":"https:\/\/api.w.org\/{rel}","templated":true}]}}