{"id":424,"date":"2024-06-17T22:41:26","date_gmt":"2024-06-17T22:41:26","guid":{"rendered":"https:\/\/cosmedica.medisupplymx.com\/?post_type=product&#038;p=424"},"modified":"2024-06-17T23:40:11","modified_gmt":"2024-06-17T23:40:11","slug":"super-c-boost-vitamina-c-100","status":"publish","type":"product","link":"https:\/\/cosmedica.medisupplymx.com\/?product=super-c-boost-vitamina-c-100","title":{"rendered":"S\u00faper C-Boost Vitamina C 100%"},"content":{"rendered":"<p><strong>DETALLES<\/strong><\/p>\n<p>Cosmedica Skincare Super C-Boost es un fino polvo de vitamina C t\u00f3pico. Creado para mejorar su rutina de cuidado de la piel con una dosis concentrada de \u00e1cido L-asc\u00f3rbico al 100%. Una forma estable de vitamina C, el \u00e1cido L-asc\u00f3rbico es un antioxidante eficaz conocido por iluminar el cutis apagado y combatir los signos del envejecimiento. Al instante, personalice y realce su suero o crema humectante con un s\u00faper impulso de vitamina C.<\/p>\n<p>Tama\u00f1o: 0,7 oz \/ 20 g<\/p>\n","protected":false},"excerpt":{"rendered":"<p><strong>DETALLES<\/strong><\/p>\n<p>Cosmedica Skincare Super C-Boost es un fino polvo de vitamina C t\u00f3pico. Creado para mejorar su rutina de cuidado de la piel con una dosis concentrada de \u00e1cido L-asc\u00f3rbico al 100%. Una forma estable de vitamina C, el \u00e1cido L-asc\u00f3rbico es un antioxidante eficaz conocido por iluminar el cutis apagado y combatir los signos del envejecimiento. Al instante, personalice y realce su suero o crema humectante con un s\u00faper impulso de vitamina C.<\/p>\n<p>Tama\u00f1o: 0,7 oz \/ 20 g<\/p>\n","protected":false},"featured_media":425,"comment_status":"open","ping_status":"closed","template":"","meta":[],"product_cat":[15],"product_tag":[],"class_list":{"0":"post-424","1":"product","2":"type-product","3":"status-publish","4":"has-post-thumbnail","6":"product_cat-uncategorized","8":"first","9":"instock","10":"featured","11":"shipping-taxable","12":"purchasable","13":"product-type-simple"},"_links":{"self":[{"href":"https:\/\/cosmedica.medisupplymx.com\/index.php?rest_route=\/wp\/v2\/product\/424","targetHints":{"allow":["GET"]}}],"collection":[{"href":"https:\/\/cosmedica.medisupplymx.com\/index.php?rest_route=\/wp\/v2\/product"}],"about":[{"href":"https:\/\/cosmedica.medisupplymx.com\/index.php?rest_route=\/wp\/v2\/types\/product"}],"replies":[{"embeddable":true,"href":"https:\/\/cosmedica.medisupplymx.com\/index.php?rest_route=%2Fwp%2Fv2%2Fcomments&post=424"}],"wp:featuredmedia":[{"embeddable":true,"href":"https:\/\/cosmedica.medisupplymx.com\/index.php?rest_route=\/wp\/v2\/media\/425"}],"wp:attachment":[{"href":"https:\/\/cosmedica.medisupplymx.com\/index.php?rest_route=%2Fwp%2Fv2%2Fmedia&parent=424"}],"wp:term":[{"taxonomy":"product_cat","embeddable":true,"href":"https:\/\/cosmedica.medisupplymx.com\/index.php?rest_route=%2Fwp%2Fv2%2Fproduct_cat&post=424"},{"taxonomy":"product_tag","embeddable":true,"href":"https:\/\/cosmedica.medisupplymx.com\/index.php?rest_route=%2Fwp%2Fv2%2Fproduct_tag&post=424"}],"curies":[{"name":"wp","href":"https:\/\/api.w.org\/{rel}","templated":true}]}}