{"id":17,"date":"2021-08-03T06:56:46","date_gmt":"2021-08-03T06:56:46","guid":{"rendered":"https:\/\/productshop.liquid-themes.com\/elementor\/?post_type=product&#038;p=17"},"modified":"2024-06-17T23:55:00","modified_gmt":"2024-06-17T23:55:00","slug":"night-cream","status":"publish","type":"product","link":"https:\/\/cosmedica.medisupplymx.com\/?product=night-cream","title":{"rendered":"Exfoliante de Enzimas Minerales"},"content":{"rendered":"<p><strong>DETALLES<\/strong><\/p>\n<p>Exfoliante suave en spray sin gr\u00e1nulos que elimina c\u00e9lulas muertas al instante. Las enzimas minerales y los poderosos antioxidantes se combinan para exfoliar tu piel sin irritar. Adicionado con cardo de leche y \u00e1cido m\u00e1lico, que ayudar\u00e1n a revelar un tono de piel con apariencia m\u00e1s clara y \u00e1cido salic\u00edlico que ayuda a eliminar las c\u00e9lulas muertas y evita el bloqueo de los poros.<\/p>\n<p>Recomendado para todo tipo de piel, incluso pieles sensibles.<\/p>\n<p>Tama\u00f1o: 2 oz<\/p>\n","protected":false},"excerpt":{"rendered":"<p><strong>DETALLES<\/strong><\/p>\n<p>Exfoliante suave en spray sin gr\u00e1nulos que elimina c\u00e9lulas muertas al instante. Las enzimas minerales y los poderosos antioxidantes se combinan para exfoliar tu piel sin irritar. Adicionado con cardo de leche y \u00e1cido m\u00e1lico, que ayudar\u00e1n a revelar un tono de piel con apariencia m\u00e1s clara y \u00e1cido salic\u00edlico que ayuda a eliminar las c\u00e9lulas muertas y evita el bloqueo de los poros.<\/p>\n<p>Recomendado para todo tipo de piel, incluso pieles sensibles.<\/p>\n<p>Tama\u00f1o: 2 oz<\/p>\n","protected":false},"featured_media":369,"comment_status":"open","ping_status":"closed","template":"","meta":[],"product_cat":[15],"product_tag":[],"class_list":{"0":"post-17","1":"product","2":"type-product","3":"status-publish","4":"has-post-thumbnail","6":"product_cat-uncategorized","8":"first","9":"instock","10":"featured","11":"shipping-taxable","12":"purchasable","13":"product-type-simple"},"_links":{"self":[{"href":"https:\/\/cosmedica.medisupplymx.com\/index.php?rest_route=\/wp\/v2\/product\/17","targetHints":{"allow":["GET"]}}],"collection":[{"href":"https:\/\/cosmedica.medisupplymx.com\/index.php?rest_route=\/wp\/v2\/product"}],"about":[{"href":"https:\/\/cosmedica.medisupplymx.com\/index.php?rest_route=\/wp\/v2\/types\/product"}],"replies":[{"embeddable":true,"href":"https:\/\/cosmedica.medisupplymx.com\/index.php?rest_route=%2Fwp%2Fv2%2Fcomments&post=17"}],"wp:featuredmedia":[{"embeddable":true,"href":"https:\/\/cosmedica.medisupplymx.com\/index.php?rest_route=\/wp\/v2\/media\/369"}],"wp:attachment":[{"href":"https:\/\/cosmedica.medisupplymx.com\/index.php?rest_route=%2Fwp%2Fv2%2Fmedia&parent=17"}],"wp:term":[{"taxonomy":"product_cat","embeddable":true,"href":"https:\/\/cosmedica.medisupplymx.com\/index.php?rest_route=%2Fwp%2Fv2%2Fproduct_cat&post=17"},{"taxonomy":"product_tag","embeddable":true,"href":"https:\/\/cosmedica.medisupplymx.com\/index.php?rest_route=%2Fwp%2Fv2%2Fproduct_tag&post=17"}],"curies":[{"name":"wp","href":"https:\/\/api.w.org\/{rel}","templated":true}]}}